{"id":26613,"date":"2023-01-27T04:13:49","date_gmt":"2023-01-27T04:13:49","guid":{"rendered":"https:\/\/modin3d.com\/?page_id=26613"},"modified":"2023-02-07T00:11:51","modified_gmt":"2023-02-07T00:11:51","slug":"analisis-mecanico-utilizando-el-metodo-del-elemento-finito","status":"publish","type":"page","link":"https:\/\/modin3d.com\/index.php\/analisis-mecanico-utilizando-el-metodo-del-elemento-finito\/","title":{"rendered":"AN\u00c1LISIS MEC\u00c1NICO UTILIZANDO EL M\u00c9TODO DEL ELEMENTO FINITO."},"content":{"rendered":"\n<div class=\"wp-block-uagb-container uagb-block-b180f294 alignfull uagb-is-root-container\"><div class=\"uagb-container-inner-blocks-wrap\">\n<h2 class=\"has-text-align-center has-white-color has-ast-global-color-1-background-color has-text-color has-background\" style=\"margin-top:0;margin-right:0;margin-bottom:0;margin-left:0;padding-top:var(--wp--preset--spacing--30);padding-right:var(--wp--preset--spacing--30);padding-bottom:var(--wp--preset--spacing--30);padding-left:var(--wp--preset--spacing--30)\">AN\u00c1LISIS MEC\u00c1NICO UTILIZANDO EL M\u00c9TODO DEL ELEMENTO FINITO (MEF).<\/h2>\n\n\n\n<div class=\"wp-block-uagb-info-box uagb-block-64263d34 uagb-infobox__content-wrap  uagb-infobox-icon-above-title uagb-infobox-image-valign-top\"><div class=\"uagb-ifb-content\"><div class=\"uagb-ifb-title-wrap\"><\/div><p class=\"uagb-ifb-desc\">\u00a1Bienvenido a la era de la innovaci\u00f3n en an\u00e1lisis FEA! <br><br>En MODIN 3D, combinamos la experiencia y conocimiento de nuestros ingenieros con las \u00faltimas tecnolog\u00edas de simulaci\u00f3n para brindarte soluciones de an\u00e1lisis de vanguardia. Ya sea en la industria automotriz, maquinaria, energ\u00e9tica, producto de consumo o de construcci\u00f3n, nuestro equipo de expertos est\u00e1 listo para ayudarte a resolver cualquier desaf\u00edo.<br><br>Nuestros servicios incluyen:<br><br>1.- An\u00e1lisis est\u00e1tico y din\u00e1mico que te mantienen un paso adelante de la competencia<br>2.- An\u00e1lisis de fatiga que protegen tus dise\u00f1os contra fallos<br>3.- Dise\u00f1os optimizados que maximizan la eficiencia<br>4.- Validaci\u00f3n de prototipos que te permiten avanzar con confianza.<br><br>En MODIN 3D, nos esforzamos por brindarte soluciones precisas, eficientes y adaptadas a tus necesidades y plazos. Trabajamos contigo como un socio de confianza para el desarrollo de tus proyectos. \u00a1Ponte en contacto con nosotros hoy y experimenta la diferencia en an\u00e1lisis FEA!<\/p><\/div><\/div>\n\n\n\n<figure class=\"wp-block-image aligncenter size-full has-custom-border is-style-default\"><img decoding=\"async\" loading=\"lazy\" width=\"853\" height=\"513\" src=\"https:\/\/modin3d.com\/wp-content\/uploads\/2023\/01\/EJE.png\" alt=\"\" class=\"wp-image-26580\" style=\"border-width:3px;border-radius:14px\" srcset=\"https:\/\/modin3d.com\/wp-content\/uploads\/2023\/01\/EJE.png 853w, https:\/\/modin3d.com\/wp-content\/uploads\/2023\/01\/EJE-300x180.png 300w, https:\/\/modin3d.com\/wp-content\/uploads\/2023\/01\/EJE-768x462.png 768w\" sizes=\"(max-width: 853px) 100vw, 853px\" \/><\/figure>\n\n\n\n<div class=\"wp-block-uagb-info-box uagb-block-026c4737 uagb-infobox__content-wrap  uagb-infobox-icon-above-title uagb-infobox-image-valign-top\"><div class=\"uagb-ifb-content\"><div class=\"uagb-ifb-title-wrap\"><\/div><p class=\"uagb-ifb-desc\">El an\u00e1lisis por elementos finitos (FEA, por sus siglas en ingl\u00e9s) es una t\u00e9cnica utilizada en ingenier\u00eda para modelar y resolver problemas f\u00edsicos complejos. La idea detr\u00e1s del FEA es dividir un objeto en peque\u00f1as secciones llamadas \u00abelementos\u00bb y analizar c\u00f3mo estos elementos interact\u00faan entre s\u00ed para producir un comportamiento global.<br><br>En la realizaci\u00f3n de un an\u00e1lisis FEA, se deben tener en cuenta los siguientes factores:<br><br>1.- Modelado geom\u00e9trico: Se crea un modelo tridimensional de la geometr\u00eda del objeto a analizar.<br>2.- Discretizaci\u00f3n: El objeto se divide en peque\u00f1os elementos para poder ser analizado.<br>3.- Definici\u00f3n de propiedades: Se especifican las propiedades materiales, como la densidad, la rigidez y la conductividad t\u00e9rmica, para cada elemento.<br>4.- Aplicaci\u00f3n de condiciones de frontera: Se especifican las condiciones en las que el objeto est\u00e1 restringido o soportado, como por ejemplo, apoyos o cargas externas.<br>5.- Resoluci\u00f3n del sistema: Se utiliza un algoritmo matem\u00e1tico para resolver las ecuaciones que describen el comportamiento de los elementos y producir una soluci\u00f3n num\u00e9rica.<br>6.- An\u00e1lisis de resultados: Se interpretan y visualizan los resultados del an\u00e1lisis, incluyendo deformaciones, tensiones, deflexiones y temperaturas.<\/p><\/div><\/div>\n\n\n\n<figure class=\"wp-block-image aligncenter size-full is-resized has-custom-border is-style-default\"><img decoding=\"async\" loading=\"lazy\" src=\"https:\/\/modin3d.com\/wp-content\/uploads\/2023\/01\/MEF.png\" alt=\"ANALISIS MECANICO APLICADO EL METODO DEL ELEMENTO FINITO\" class=\"wp-image-26741\" style=\"border-width:3px;border-radius:14px\" width=\"586\" height=\"580\" srcset=\"https:\/\/modin3d.com\/wp-content\/uploads\/2023\/01\/MEF.png 845w, https:\/\/modin3d.com\/wp-content\/uploads\/2023\/01\/MEF-300x297.png 300w, https:\/\/modin3d.com\/wp-content\/uploads\/2023\/01\/MEF-768x761.png 768w\" sizes=\"(max-width: 586px) 100vw, 586px\" \/><\/figure>\n\n\n\n<div class=\"wp-block-uagb-info-box uagb-block-d2b7b77b uagb-infobox__content-wrap  uagb-infobox-icon-above-title uagb-infobox-image-valign-top\"><div class=\"uagb-ifb-content\"><div class=\"uagb-ifb-title-wrap\"><\/div><p class=\"uagb-ifb-desc\">El an\u00e1lisis por elementos finitos (FEA) ofrece muchas ventajas en la soluci\u00f3n de problemas en comparaci\u00f3n con otros m\u00e9todos de an\u00e1lisis:<br><br>1.- Precisi\u00f3n: El FEA permite modelar sistemas complejos y obtener soluciones precisas gracias a la discretizaci\u00f3n en elementos y a la aplicaci\u00f3n de leyes f\u00edsicas y matem\u00e1ticas.<br>2.- Versatilidad: El FEA se puede utilizar para una amplia gama de problemas, desde el an\u00e1lisis est\u00e1tico hasta el din\u00e1mico, el de fatiga y el t\u00e9rmico.<br>3.- Visualizaci\u00f3n: El FEA permite visualizar de manera gr\u00e1fica los resultados del an\u00e1lisis, incluyendo deformaciones, tensiones, deflexiones y temperaturas. Esto facilita la comprensi\u00f3n y la interpretaci\u00f3n de los resultados.<br>4.- Econom\u00eda de tiempo y costo: El FEA permite simular y resolver problemas de manera m\u00e1s r\u00e1pida y eficiente en comparaci\u00f3n con otros m\u00e9todos experimentales, reduciendo as\u00ed el tiempo y los costos asociados con la realizaci\u00f3n de pruebas f\u00edsicas.<br>5.- Optimizaci\u00f3n: El FEA permite optimizar el dise\u00f1o de un objeto, ya sea para mejorar su rendimiento o para reducir su peso y costo, a trav\u00e9s del uso de algoritmos de optimizaci\u00f3n.<br>6.- Accesibilidad: Con la disponibilidad de software FEA de f\u00e1cil acceso y de bajo costo, el an\u00e1lisis FEA se ha vuelto m\u00e1s accesible para ingenieros y dise\u00f1adores en una amplia gama de industrias.<br><br>En resumen, el an\u00e1lisis FEA es una herramienta poderosa y vers\u00e1til para resolver problemas complejos en ingenier\u00eda, que ofrece una combinaci\u00f3n \u00fanica de precisi\u00f3n, versatilidad, visualizaci\u00f3n, econom\u00eda de tiempo y costo, optimizaci\u00f3n y accesibilidad.<\/p><\/div><\/div>\n<\/div><\/div>\n\n\n\n<div class=\"wp-block-uagb-container uagb-block-8e36ea0c alignfull uagb-is-root-container\"><div class=\"uagb-container-inner-blocks-wrap\"><\/div><\/div>\n","protected":false},"excerpt":{"rendered":"","protected":false},"author":1,"featured_media":0,"parent":0,"menu_order":0,"comment_status":"closed","ping_status":"closed","template":"","meta":{"_uag_custom_page_level_css":"","site-sidebar-layout":"no-sidebar","site-content-layout":"plain-container","ast-global-header-display":"","ast-main-header-display":"","ast-hfb-above-header-display":"","ast-hfb-below-header-display":"","ast-hfb-mobile-header-display":"","site-post-title":"disabled","ast-breadcrumbs-content":"","ast-featured-img":"disabled","footer-sml-layout":"","theme-transparent-header-meta":"enabled","adv-header-id-meta":"","stick-header-meta":"","header-above-stick-meta":"","header-main-stick-meta":"","header-below-stick-meta":""},"uagb_featured_image_src":{"full":false,"thumbnail":false,"medium":false,"medium_large":false,"large":false,"1536x1536":false,"2048x2048":false},"uagb_author_info":{"display_name":"gilberto.ph92","author_link":"https:\/\/modin3d.com\/index.php\/author\/gilberto-ph92\/"},"uagb_comment_info":0,"uagb_excerpt":null,"_links":{"self":[{"href":"https:\/\/modin3d.com\/index.php\/wp-json\/wp\/v2\/pages\/26613"}],"collection":[{"href":"https:\/\/modin3d.com\/index.php\/wp-json\/wp\/v2\/pages"}],"about":[{"href":"https:\/\/modin3d.com\/index.php\/wp-json\/wp\/v2\/types\/page"}],"author":[{"embeddable":true,"href":"https:\/\/modin3d.com\/index.php\/wp-json\/wp\/v2\/users\/1"}],"replies":[{"embeddable":true,"href":"https:\/\/modin3d.com\/index.php\/wp-json\/wp\/v2\/comments?post=26613"}],"version-history":[{"count":10,"href":"https:\/\/modin3d.com\/index.php\/wp-json\/wp\/v2\/pages\/26613\/revisions"}],"predecessor-version":[{"id":26828,"href":"https:\/\/modin3d.com\/index.php\/wp-json\/wp\/v2\/pages\/26613\/revisions\/26828"}],"wp:attachment":[{"href":"https:\/\/modin3d.com\/index.php\/wp-json\/wp\/v2\/media?parent=26613"}],"curies":[{"name":"wp","href":"https:\/\/api.w.org\/{rel}","templated":true}]}}