{"id":26600,"date":"2023-01-27T04:07:35","date_gmt":"2023-01-27T04:07:35","guid":{"rendered":"https:\/\/modin3d.com\/?page_id=26600"},"modified":"2023-02-06T04:30:15","modified_gmt":"2023-02-06T04:30:15","slug":"modelado-3d","status":"publish","type":"page","link":"https:\/\/modin3d.com\/index.php\/modelado-3d\/","title":{"rendered":"MODELADO 3D"},"content":{"rendered":"\n<div class=\"wp-block-uagb-container uagb-block-9c1a8da9 alignfull uagb-is-root-container\"><div class=\"uagb-container-inner-blocks-wrap\">\n<h2 class=\"has-text-align-center has-white-color has-ast-global-color-1-background-color has-text-color has-background\" style=\"margin-top:0;margin-right:0;margin-bottom:0;margin-left:0;padding-top:var(--wp--preset--spacing--30);padding-right:var(--wp--preset--spacing--30);padding-bottom:var(--wp--preset--spacing--30);padding-left:var(--wp--preset--spacing--30)\">MODELADO 3D<\/h2>\n\n\n\n<div class=\"wp-block-uagb-info-box uagb-block-ff462a1e uagb-infobox__content-wrap  uagb-infobox-icon-above-title uagb-infobox-image-valign-top\"><div class=\"uagb-ifb-content\"><div class=\"uagb-ifb-title-wrap\"><\/div><p class=\"uagb-ifb-desc\">\u00a1Prep\u00e1rese para dar vida a sus ideas con la tecnolog\u00eda de modelaci\u00f3n 3D m\u00e1s avanzada en el mercado! Aqu\u00ed en nuestra p\u00e1gina, ofrecemos soluciones innovadoras para la industria que le permitir\u00e1n transformar sus visiones en realidad. Con un equipo altamente capacitado y tecnolog\u00eda de punta, su proyecto estar\u00e1 en buenas manos. Juntos, nos esforzaremos por lograr una precisi\u00f3n y calidad sin igual, desde la conceptualizaci\u00f3n hasta la entrega final. \u00a1No espere m\u00e1s y contacte con nosotros para experimentar el poder de la modelaci\u00f3n 3D en su pr\u00f3ximo proyecto!<\/p><\/div><\/div>\n\n\n\n<figure class=\"wp-block-image aligncenter size-full has-custom-border is-style-default\"><img decoding=\"async\" loading=\"lazy\" width=\"813\" height=\"543\" src=\"https:\/\/modin3d.com\/wp-content\/uploads\/2023\/01\/ENGRANE-3.png\" alt=\"\" class=\"wp-image-26562\" style=\"border-width:3px;border-radius:14px\" srcset=\"https:\/\/modin3d.com\/wp-content\/uploads\/2023\/01\/ENGRANE-3.png 813w, https:\/\/modin3d.com\/wp-content\/uploads\/2023\/01\/ENGRANE-3-300x200.png 300w, https:\/\/modin3d.com\/wp-content\/uploads\/2023\/01\/ENGRANE-3-768x513.png 768w\" sizes=\"(max-width: 813px) 100vw, 813px\" \/><\/figure>\n\n\n\n<div class=\"wp-block-uagb-info-box uagb-block-e6e05ee1 uagb-infobox__content-wrap  uagb-infobox-icon-above-title uagb-infobox-image-valign-top\"><div class=\"uagb-ifb-content\"><div class=\"uagb-ifb-title-wrap\"><h3 class=\"uagb-ifb-title\">Que ofrecemos:<\/h3><\/div><p class=\"uagb-ifb-desc\">1.- Modelaci\u00f3n 3D de piezas y componentes de m\u00e1quinas.<br>2.- Creaci\u00f3n de prototipos virtuales para pruebas y evaluaciones mec\u00e1nicas.<br>3.- Simulaci\u00f3n de cargas y movimiento para verificar la funcionalidad y resistencia.<br>4.- An\u00e1lisis de interferencia y ajuste para optimizar el dise\u00f1o.<br>5.- Creaci\u00f3n de dibujos de fabricaci\u00f3n utilizado GD&amp;T.<br>6.- Creaci\u00f3n de visualizaciones detalladas y animaciones para la presentaci\u00f3n y documentaci\u00f3n.<br>7.- Desarrollo de soluciones personalizadas para cumplir con las necesidades espec\u00edficas de cada cliente.<\/p><\/div><\/div>\n\n\n\n<div class=\"wp-block-uagb-info-box uagb-block-78e79677 uagb-infobox__content-wrap  uagb-infobox-icon-above-title uagb-infobox-image-valign-top\"><div class=\"uagb-ifb-content\"><div class=\"uagb-ifb-title-wrap\"><\/div><p class=\"uagb-ifb-desc\">El modelado 3D en la industria se refiere al proceso de creaci\u00f3n de un modelo digital tridimensional de un objeto o producto. Este modelo se utiliza en la industria para representar de manera visual y precisa las caracter\u00edsticas y detalles de un producto, lo que permite su evaluaci\u00f3n y mejora antes de su fabricaci\u00f3n real.<br>El modelado 3D se utiliza en una amplia gama de industrias, incluyendo la fabricaci\u00f3n de maquinarias, productos electr\u00f3nicos, productos de consumo, productos m\u00e9dicos, entre otros. Tambi\u00e9n se utiliza para crear animaciones y visualizaciones que permiten a los clientes y usuarios comprender mejor el producto y c\u00f3mo funciona.<br>El modelado 3D en la industria ofrece muchas ventajas, incluyendo la capacidad de evaluar y mejorar los dise\u00f1os antes de su producci\u00f3n real, reducir los costos y tiempos de desarrollo, y mejorar la eficiencia y efectividad de los procesos de producci\u00f3n. Adem\u00e1s, el modelado 3D permite la creaci\u00f3n de piezas y productos complejos y personalizados que ser\u00edan dif\u00edciles o imposibles de producir mediante otros m\u00e9todos de fabricaci\u00f3n. En resumen, el modelado 3D es una herramienta esencial en la industria que contribuye a la innovaci\u00f3n y optimizaci\u00f3n de los procesos de producci\u00f3n.<\/p><\/div><\/div>\n<\/div><\/div>\n\n\n\n<div class=\"wp-block-uagb-container uagb-block-15c98e98 alignfull uagb-is-root-container\"><div class=\"uagb-container-inner-blocks-wrap\"><\/div><\/div>\n","protected":false},"excerpt":{"rendered":"","protected":false},"author":1,"featured_media":0,"parent":0,"menu_order":0,"comment_status":"closed","ping_status":"closed","template":"","meta":{"_uag_custom_page_level_css":"","site-sidebar-layout":"no-sidebar","site-content-layout":"plain-container","ast-global-header-display":"","ast-main-header-display":"","ast-hfb-above-header-display":"","ast-hfb-below-header-display":"","ast-hfb-mobile-header-display":"","site-post-title":"disabled","ast-breadcrumbs-content":"","ast-featured-img":"disabled","footer-sml-layout":"","theme-transparent-header-meta":"enabled","adv-header-id-meta":"","stick-header-meta":"","header-above-stick-meta":"","header-main-stick-meta":"","header-below-stick-meta":""},"uagb_featured_image_src":{"full":false,"thumbnail":false,"medium":false,"medium_large":false,"large":false,"1536x1536":false,"2048x2048":false},"uagb_author_info":{"display_name":"gilberto.ph92","author_link":"https:\/\/modin3d.com\/index.php\/author\/gilberto-ph92\/"},"uagb_comment_info":0,"uagb_excerpt":null,"_links":{"self":[{"href":"https:\/\/modin3d.com\/index.php\/wp-json\/wp\/v2\/pages\/26600"}],"collection":[{"href":"https:\/\/modin3d.com\/index.php\/wp-json\/wp\/v2\/pages"}],"about":[{"href":"https:\/\/modin3d.com\/index.php\/wp-json\/wp\/v2\/types\/page"}],"author":[{"embeddable":true,"href":"https:\/\/modin3d.com\/index.php\/wp-json\/wp\/v2\/users\/1"}],"replies":[{"embeddable":true,"href":"https:\/\/modin3d.com\/index.php\/wp-json\/wp\/v2\/comments?post=26600"}],"version-history":[{"count":10,"href":"https:\/\/modin3d.com\/index.php\/wp-json\/wp\/v2\/pages\/26600\/revisions"}],"predecessor-version":[{"id":26796,"href":"https:\/\/modin3d.com\/index.php\/wp-json\/wp\/v2\/pages\/26600\/revisions\/26796"}],"wp:attachment":[{"href":"https:\/\/modin3d.com\/index.php\/wp-json\/wp\/v2\/media?parent=26600"}],"curies":[{"name":"wp","href":"https:\/\/api.w.org\/{rel}","templated":true}]}}